{"id":61,"date":"2015-09-09T15:30:27","date_gmt":"2015-09-09T13:30:27","guid":{"rendered":"http:\/\/sallyskolan.se\/naturforskolan\/?page_id=61"},"modified":"2020-05-20T07:03:22","modified_gmt":"2020-05-20T05:03:22","slug":"galleri","status":"publish","type":"page","link":"https:\/\/sallyskolan.se\/naturforskolan\/galleri\/","title":{"rendered":"Galleri"},"content":{"rendered":"<h1>Aktiviteter f\u00f6r alla!<\/h1>\n<p>P\u00e5 Naturf\u00f6rskolan\u00a0och Simf\u00f6rskolan\u00a0Sally trivs vi och har roligt tillsammans \u2013 barn, v\u00e5rdnadshavare och personal.\u00a0H\u00e4r visas\u00a0ett litet axplock fr\u00e5n olika aktiviteter\u00a0och utflykter.<\/p>\n<p>V\u00e4lkommen tillbaka och titta in i v\u00e5rt galleri d\u00e5 och d\u00e5!<\/p>\n","protected":false},"excerpt":{"rendered":"<p>Aktiviteter f\u00f6r alla! P\u00e5 Naturf\u00f6rskolan\u00a0och Simf\u00f6rskolan\u00a0Sally trivs vi och har roligt tillsammans \u2013 barn, v\u00e5rdnadshavare och personal.\u00a0H\u00e4r visas\u00a0ett litet axplock fr\u00e5n olika aktiviteter\u00a0och utflykter. V\u00e4lkommen tillbaka och titta in i v\u00e5rt galleri d\u00e5 och d\u00e5!<\/p>\n","protected":false},"author":1,"featured_media":0,"parent":0,"menu_order":0,"comment_status":"closed","ping_status":"closed","template":"","meta":{"footnotes":""},"class_list":["post-61","page","type-page","status-publish","hentry"],"_links":{"self":[{"href":"https:\/\/sallyskolan.se\/naturforskolan\/wp-json\/wp\/v2\/pages\/61"}],"collection":[{"href":"https:\/\/sallyskolan.se\/naturforskolan\/wp-json\/wp\/v2\/pages"}],"about":[{"href":"https:\/\/sallyskolan.se\/naturforskolan\/wp-json\/wp\/v2\/types\/page"}],"author":[{"embeddable":true,"href":"https:\/\/sallyskolan.se\/naturforskolan\/wp-json\/wp\/v2\/users\/1"}],"replies":[{"embeddable":true,"href":"https:\/\/sallyskolan.se\/naturforskolan\/wp-json\/wp\/v2\/comments?post=61"}],"version-history":[{"count":24,"href":"https:\/\/sallyskolan.se\/naturforskolan\/wp-json\/wp\/v2\/pages\/61\/revisions"}],"predecessor-version":[{"id":712,"href":"https:\/\/sallyskolan.se\/naturforskolan\/wp-json\/wp\/v2\/pages\/61\/revisions\/712"}],"wp:attachment":[{"href":"https:\/\/sallyskolan.se\/naturforskolan\/wp-json\/wp\/v2\/media?parent=61"}],"curies":[{"name":"wp","href":"https:\/\/api.w.org\/{rel}","templated":true}]}}