{"id":67,"date":"2015-09-09T15:30:54","date_gmt":"2015-09-09T13:30:54","guid":{"rendered":"http:\/\/sallyskolan.se\/naturforskolan\/?page_id=67"},"modified":"2023-09-20T16:42:37","modified_gmt":"2023-09-20T14:42:37","slug":"profil","status":"publish","type":"page","link":"https:\/\/sallyskolan.se\/naturforskolan\/profil\/","title":{"rendered":"Profil"},"content":{"rendered":"<h1>F\u00f6rskolan d\u00e4r alla trivs i harmoni\u00a0med\u00a0naturen!<\/h1>\n<p>Naturf\u00f6rskolan Sally i erbjuder Dig som v\u00e5rdnadshavare och Ditt barn en lust- och lekfylld f\u00f6rskola mitt i Kristianstads Vattenrike. Strax inp\u00e5 husknuten, granne med Simf\u00f6rskolan Sally, har vi n\u00e4ra\u00a0till b\u00e5de naturum och till hela\u00a0Biosf\u00e4romr\u00e5de Vattenriket med unika bes\u00f6ksplatser runt om i kommunen. Vi har ocks\u00e5 tillg\u00e5ng till\u00a0m\u00e5nga fina park- och gr\u00f6nomr\u00e5den p\u00e5 promenadavst\u00e5nd.\u00a0Vi erbjuder ljusa, luftiga\u00a0lokaler, och en stor, lummig tr\u00e4dg\u00e5rd d\u00e4r barn och personal dagligen vistas.<\/p>\n<p>P\u00e5 Naturf\u00f6rskolan Sally ser vi naturen som v\u00e5rt st\u00f6rsta l\u00e4rorum: \u00a0Vi inriktar \u2028och profilerar v\u00e5r verksamhet p\u00e5: Natur, H\u00e4lsa och Milj\u00f6.<\/p>\n<p>Tillsammans upplever, uppt\u00e4cker och unders\u00f6ker vi naturens m\u00e5ngfald och l\u00e4r oss det viktiga samspelet mellan m\u00e4nniskan, djuren och naturen. Vi tar vara p\u00e5 naturens m\u00f6jligheter, finner l\u00f6sningar p\u00e5 problem och stimulerar d\u00e4rigenom barnens utveckling. Vi l\u00e4gger stor vikt p\u00e5 motorik och fr\u00e4mjar barnens h\u00e4lsa.<\/p>\n<p>Vi tillbringar dagligen tid utomhus och anv\u00e4nder oss av material som naturen erbjuder.<br \/>\nVi har samling, tema, r\u00f6relse, spr\u00e5k, matematik, teknik, natur och inslag av kultur i v\u00e5rt arbete p\u00e5 Naturf\u00f6rskolan Sally, d\u00e5 detta ligger till grund f\u00f6r barnens vidareutveckling och l\u00e4rande.<\/p>\n<p>P\u00e5 Naturf\u00f6rskolan\u00a0Sally ser vi barnens trygghet och gl\u00e4dje som viktigt. Detta \u00e4r en f\u00f6ruts\u00e4ttning f\u00f6r att barnen ska kunna er\u00f6vra nya kunskaper, ett bra spr\u00e5k samt l\u00e4ra sig vara en god kamrat.\u00a0Hos oss r\u00e5der en varm och glad st\u00e4mning och vi har en positiv m\u00e4nniskosyn, d\u00e4r allas lika v\u00e4rde r\u00e5der.<\/p>\n<h4>V\u00e5r m\u00e5ls\u00e4ttning:<\/h4>\n<p>\u2013 Vi leker fram lusten till l\u00e4rande, med inspiration fr\u00e5n bland annat naturen, och l\u00e5ter fantasin fl\u00f6da.<br \/>\n\u2013 Ju mer utevistelse, desto friskare barn.<br \/>\n\u2013 Vi arbetar i mindre grupper s\u00e5 att varje enskilt barn blir uppm\u00e4rksammat. Vi erbjuder en lugnare barngrupp i trivsam milj\u00f6 d\u00e4r ljudniv\u00e5n \u00e4r behaglig.<br \/>\n\u2013 Maten hos oss ska vara nyttig och h\u00e4lsosam.<br \/>\n\u2013 Vi dokumenterar Ditt barns vistelse d\u00e4r Du som f\u00f6r\u00e4lder kan ta del av och f\u00f6lja vad vi g\u00f6r p\u00e5 f\u00f6rskolan.<br \/>\n\u2013 Alla barn ska k\u00e4nna sig trygga och tycka det \u00e4r kul att g\u00e5 till sin f\u00f6rskola!<br \/>\n\u2013 Vi arbetar utifr\u00e5n Skolverkets L\u00e4roplan Lpf\u00f6 18.<\/p>\n<p>Naturf\u00f6rskolan\u00a0Sally till\u00e4mpar samma taxa som barnomsorgen i Kristianstads kommun.<\/p>\n<h1>V\u00e5r profil \u00e4r Natur, H\u00e4lsa och Milj\u00f6<\/h1>\n<p>F\u00f6rskolan skall l\u00e4gga grunden f\u00f6r ett livsl\u00e5ngt l\u00e4rande. Verksamheten skall vara rolig, trygg och l\u00e4rorik f\u00f6r alla barn som deltar. F\u00f6rskolan ska str\u00e4va efter att varje barn utvecklar sin motorik, koordinationsf\u00f6rm\u00e5ga och kroppsuppfattning. Samt f\u00f6rst\u00e5else f\u00f6r vikten av att v\u00e4rna om sin h\u00e4lsa och sitt v\u00e4lbefinnande. Lpf\u00f6 18. Klicka <a href=\"http:\/\/www.skolverket.sepublikationer?id=2442\" target=\"_blank\" rel=\"noopener\">h\u00e4r<\/a> f\u00f6r att g\u00e5 till l\u00e4roplanen.<\/p>\n<p>Med regelbunden motion och r\u00f6relse ger vi barnen en allsidig motorisk utveckling som \u00e4r viktig inf\u00f6r skolstarten, samt en bra kost och utevistelse varje dag.<\/p>\n<p>&#8211; Vi vill att barnen ska k\u00e4nna sig trygga i barngruppen och med vuxna.<br \/>\n&#8211; Bli sedda i gruppen och enskilt.<br \/>\n&#8211; Bli bem\u00f6tta utifr\u00e5n sina egna f\u00f6ruts\u00e4ttningar.<br \/>\n&#8211; L\u00e4ra sig att ta ansvar.<br \/>\n&#8211; Uppmuntras att ta egna initiativ.<br \/>\n&#8211; Vi vill f\u00e5 barnen att k\u00e4nna empati f\u00f6r varandra och gentemot vuxna.<br \/>\n&#8211; Att varje barn utvecklar sin f\u00f6rm\u00e5ga att uppt\u00e4cka natur, teknik, l\u00e4sning och matematik i meningsfulla sammanhang.<br \/>\n&#8211; Att l\u00e4ra sig att vi alla \u00e4r en del av helheten och att vi ska vara r\u00e4dda om natur och v\u00e5ra djur.<br \/>\n&#8211; L\u00e4ra oss att bli milj\u00f6medvetna i det dagliga livet.<\/p>\n<p>&nbsp;<\/p>\n<p>&nbsp;<\/p>\n","protected":false},"excerpt":{"rendered":"<p>F\u00f6rskolan d\u00e4r alla trivs i harmoni\u00a0med\u00a0naturen! Naturf\u00f6rskolan Sally i erbjuder Dig som v\u00e5rdnadshavare och Ditt barn en lust- och lekfylld f\u00f6rskola mitt i Kristianstads Vattenrike. Strax inp\u00e5 husknuten, granne med Simf\u00f6rskolan Sally, har vi n\u00e4ra\u00a0till b\u00e5de naturum och till hela\u00a0Biosf\u00e4romr\u00e5de Vattenriket med unika bes\u00f6ksplatser runt om i kommunen. Vi har ocks\u00e5 tillg\u00e5ng till\u00a0m\u00e5nga fina park- [&hellip;]<\/p>\n","protected":false},"author":1,"featured_media":0,"parent":0,"menu_order":0,"comment_status":"closed","ping_status":"closed","template":"","meta":{"footnotes":""},"class_list":["post-67","page","type-page","status-publish","hentry"],"_links":{"self":[{"href":"https:\/\/sallyskolan.se\/naturforskolan\/wp-json\/wp\/v2\/pages\/67"}],"collection":[{"href":"https:\/\/sallyskolan.se\/naturforskolan\/wp-json\/wp\/v2\/pages"}],"about":[{"href":"https:\/\/sallyskolan.se\/naturforskolan\/wp-json\/wp\/v2\/types\/page"}],"author":[{"embeddable":true,"href":"https:\/\/sallyskolan.se\/naturforskolan\/wp-json\/wp\/v2\/users\/1"}],"replies":[{"embeddable":true,"href":"https:\/\/sallyskolan.se\/naturforskolan\/wp-json\/wp\/v2\/comments?post=67"}],"version-history":[{"count":19,"href":"https:\/\/sallyskolan.se\/naturforskolan\/wp-json\/wp\/v2\/pages\/67\/revisions"}],"predecessor-version":[{"id":838,"href":"https:\/\/sallyskolan.se\/naturforskolan\/wp-json\/wp\/v2\/pages\/67\/revisions\/838"}],"wp:attachment":[{"href":"https:\/\/sallyskolan.se\/naturforskolan\/wp-json\/wp\/v2\/media?parent=67"}],"curies":[{"name":"wp","href":"https:\/\/api.w.org\/{rel}","templated":true}]}}